or of u and 44?
4
Let a = -60 + 360. Suppose -3*u = -8*u + a. Suppose 0*c - 55 = -4*q + 3*c, -5*q = 5*c - u. Calculate the greatest common factor of q and 13.
13
Suppose 0*n - 1470 = -5*n + 3*b, 20 = 4*b. What is the highest common factor of n and 33?
33
Suppose -5*z + 51 - 361 = -2*p, p - z = 152. Suppose 2*u = 23 + 7. What is the greatest common divisor of p and u?
15
Let n be (-11)/1*-7 - -3. Suppose -4*z + 7 = -5. Suppose 3*x - 4*v - 29 = -7, -z*x = -3*v - 24. Calculate the greatest common factor of x and n.
10
Let d be (-54)/4*(-10 - -8). Suppose 2*c + c - d = 0. Calculate the greatest common factor of c and 9.
9
Suppose 4*m + 8 = -0*m. Let x = 6 - m. Calculate the greatest common factor of x and 20.
4
Suppose -r - r + 462 = 0. Let q be (0 - -1)/(2/42). What is the greatest common factor of q and r?
21
Suppose -3*n = -0*n - 135. Calculate the greatest common factor of 30 and n.
15
Suppose 5*m = -2*w - 67, 3*w - w - 2*m = -60. Let p = w + 20. Let a = 33 + p. What is the highest common factor of 11 and a?
11
Suppose -2*o + 5 + 15 = 5*u, 2*u - o + 1 = 0. Let m(y) = 2 - 2*y + 1 - 3 + 1 + u*y**3. Let l be m(1). What is the greatest common factor of l and 1?
1
Let x be (3/(-3))/((-2)/4). Suppose 0*f + x = f. Suppose f*c - 4*c + 132 = 0. Calculate the greatest common factor of 6 and c.
6
Suppose 0 = -3*s + 285 - 39. Let a = -50 + s. Calculate the highest common divisor of 80 and a.
16
Let o(c) = -17*c**2 - 7 - 5*c + 0 + 13*c**2 - 3*c**3 + 10*c. Let y be o(-5). Calculate the highest common divisor of 27 and y.
27
Suppose 4*g + 4*w = 224, -86 = -g - 4*w - 15. What is the highest common divisor of 119 and g?
17
Let q = -26 - -40. Let z be (q/4)/((-11)/(-88)). What is the highest common divisor of z and 140?
28
Let i be (-3348)/(-16) - (-2)/(-8). Let h be 241/3 - (-3)/(-9). Suppose -4*u + 0*x = -2*x - h, 3*u = -5*x + 47. Calculate the greatest common factor of i and u.
19
Let l = 8 + -5. Let h = -7 + 9. Calculate the greatest common divisor of h and l.
1
Let z = 4 - 1. Suppose -z*m + 8*m = 10. Suppose -3*v + 720 = m*v. What is the greatest common factor of v and 16?
16
Suppose 5*n + 0*n - 30 = 0. Let k(w) = -15*w + 3. Let a be k(-3). What is the highest common factor of n and a?
6
Let o = 42 + -11. Suppose 0 = 4*j - n - o, 3*j - 9 - 13 = 2*n. Calculate the highest common divisor of 16 and j.
8
Suppose -5*i = 5*z - 90, -3*i + 2*z = 6*z - 58. What is the greatest common divisor of i and 98?
14
Let m(q) = -q**2 - 5*q + 5. Let f be m(-6). Let n be (0 - 1)/f + 7. What is the highest common factor of 4 and n?
4
Suppose 0 = 2*a - 28 - 0. Calculate the greatest common divisor of a and 126.
14
Let y = 268 - 215. What is the highest common divisor of y and 583?
53
Let b(n) = 3*n - 3. Let k be b(3). Suppose -k = -j - 1. Calculate the highest common divisor of 55 and j.
5
Suppose 4*a - 6 = a. Suppose 4*l - 14 = 14. Suppose 0 = r - l - a. Calculate the greatest common factor of 45 and r.
9
Let d(a) = 9*a**2 - 2*a - 6. Let f be d(3). What is the highest common divisor of f and 46?
23
Let b be (-2)/9 + 292/18. Let h be 231/28 - (-1)/(-4). Calculate the highest common factor of b and h.
8
Let o be (-1)/(0 + 3/(-6)). Suppose m = -5*d + 10 + 6, -4*d = o*m - 14. What is the highest common factor of d and 9?
3
Let y(i) = i**2 - 8*i + 3. Let o be y(8). Calculate the highest common factor of 15 and o.
3
Suppose -4*d - 4 + 24 = 0, 167 = 3*j - 5*d. Calculate the greatest common factor of 8 and j.
8
Let k = -27 - -51. Let i = k - 10. Calculate the greatest common factor of 42 and i.
14
Let w = 99 + -92. What is the highest common factor of w and 56?
7
Let m be ((-273)/(-6))/(4/8). Calculate the greatest common divisor of m and 13.
13
Let m = -3 + 8. Let v = m + 31. What is the highest common divisor of 90 and v?
18
Let l = 72 - 62. What is the greatest common factor of l and 45?
5
Let s(d) = -d**3 + 3*d**2 + 7*d - 5. Let y be ((-6)/(-15))/(1/10). Let m be s(y). Suppose -5*i - 153 = -538. Calculate the greatest common divisor of i and m.
7
Suppose 2*j = -8 + 148. What is the highest common factor of j and 10?
10
Suppose 2*j + 2*a = 12, -5*a + 9 = 3*j - 5*j. Suppose -5*m = 3*k - 29, 2*m + 2 = 2*k + m. Calculate the highest common divisor of j and k.
3
Suppose 80 = -6*q + 278. What is the greatest common divisor of 22 and q?
11
Let q(z) = 8*z - 2. Let m be q(11). Calculate the highest common factor of m and 129.
43
Suppose 2*v = k + 224, -153 = -2*v - 4*k + 71. What is the greatest common divisor of 32 and v?
16
Let o(r) = -3*r**3 + r - 2. Let z be o(-2). Suppose -45 = -3*q + 3*m, -2*q - 5*m = -2*m - z. Let a = -53 + 92. Calculate the highest common factor of a and q.
13
Suppose 4*b - 22 - 2 = 4*t, -b + 10 = -5*t. Let n be t + 9 - (-2 - 0). What is the greatest common divisor of n and 80?
10
Let i be ((-10)/3)/((-2)/15). Suppose 4*a = 24 + 16. Calculate the highest common divisor of a and i.
5
Let s = -61 + 106. Let n = 11 + -2. What is the highest common divisor of s and n?
9
Let b = 149 - 114. Calculate the greatest common factor of 245 and b.
35
Suppose 43 = 5*d + 33. Suppose -45 = -d*a + 9. Calculate the highest common divisor of a and 27.
27
Let s(o) = 2*o**2 - 3*o - 4. Let q be s(5). Suppose -q = 4*u + 9. Let f = 18 + u. Calculate the highest common factor of 1 and f.
1
Suppose -3*g + 2*g + 3*v - 14 = 0, 5*g - 20 = -3*v. What is the greatest common factor of g and 8?
1
Suppose 137 = -5*u - 53. Let l = 88 - u. Calculate the greatest common divisor of l and 14.
14
Let m = 12 + -6. Calculate the highest common divisor of 6 and m.
6
Suppose 0 = 11*t - 12*t. Suppose -2*r + 12 + 60 = t. What is the greatest common factor of r and 4?
4
Let x = -8 - -11. Let j be (x - -99) + (-9)/(-3). Calculate the highest common factor of j and 15.
15
Suppose -d - 6 = 2*d + 3*s, -6 = -2*d + 3*s. Suppose d = 3*c - 171 - 174. Calculate the highest common factor of 23 and c.
23
Suppose 0 = -3*l - h + 8, -3 = -l + 4*h + 4. Let v be -1 + -1 + 1 + 7. What is the greatest common factor of v and l?
3
Let k(l) = 2*l**2 + 4*l + 2. Let t be k(-7). Suppose -c - 23 = -s, -c + 2*c - 5 = 0. Let g = -19 + s. Calculate the greatest common factor of t and g.
9
Let c = 12 + 18. Let s = c - 19. Calculate the highest common factor of s and 1.
1
Let k = 41 - 25. What is the highest common divisor of k and 24?
8
Suppose 0*s - 8 = -2*s. Suppose h + s*h + 25 = 0. Let x be 2*(-1 - h - 2). What is the highest common divisor of 20 and x?
4
Let v = -1 - -11. Let x(w) = w**2 + 6*w + 7. Let o be x(-6). Suppose 10 = -6*r + o*r. What is the greatest common divisor of r and v?
10
Let j(u) = -u + 2. Suppose 5*d = 2*x + 27, -5*d = x - d + 7. Let q be j(x). What is the highest common factor of 104 and q?
13
Let x(t) = -t**2 + 18*t + 1. Let l be x(17). Calculate the highest common divisor of 18 and l.
18
Let x(c) = 2*c**2 + 17*c - 14. Let j be x(6). Calculate the greatest common divisor of j and 32.
32
Let o = 31 + -9. What is the highest common factor of 110 and o?
22
Let m be 62/10 - (-1)/(-5). Suppose -4*c + m*c = 434. Calculate the greatest common factor of c and 31.
31
Let x = 53 - 44. What is the greatest common factor of x and 9?
9
Let m(n) = 36*n - 46. Let x be m(11). What is the greatest common divisor of 14 and x?
14
Let i = -21 - -36. Calculate the greatest common divisor of 10 and i.
5
Let m be 2/(2/1)*-69. Let f be 2/(-4) - m/6. Let w = 7 - 6. Calculate the greatest common factor of f and w.
1
Let p = -29 + 39. What is the highest common factor of 15 and p?
5
Let l(f) = 19*f**2 - f - 4. Let n be l(-3). Suppose -2*o + 0 + 34 = 0. What is the greatest common factor of o and n?
17
Let c(v) = -v**2 + 8*v + 8. Let s be c(8). What is the greatest common divisor of s and 64?
8
Let v be 4 - (5 + -2) - -3. Let q = v + 0. Let t = 7 - 3. What is the greatest common factor of q and t?
4
Let v(j) = -11*j - 1. Let x be v(-3). Calculate the greatest common factor of x and 80.
16
Suppose -19*g + 160 = -3*g. Calculate the greatest common factor of 15 and g.
5
Suppose -2 - 8 = -2*q. Suppose -5*n + 9*n - 40 = 0. Calculate the greatest common factor of n and q.
5
Let l(y) = -3*y - 37. Let t be l(-16). What is the highest common factor of t and 66?
11
Let c = -69 - -101. What is the greatest common factor of 288 and c?
32
Suppose -a 